= p*b(t) + 6*l(t). Is r(5) a multiple of 6?
True
Let i = -3123 + 4848. Is 115 a factor of i?
True
Is 7 a factor of (-3)/(-3 + (454/(-448) - -4))?
True
Suppose 21 = 11*x - 1. Is (-3)/(-6)*(-132)/(x + -5) a multiple of 22?
True
Let r = 856 - 721. Is 9 a factor of r?
True
Let y = 791 - 532. Does 37 divide y?
True
Let x = 3 - -2. Suppose -x*v = 4*z - 284, 247 = 5*v - 2*z - 31. Suppose -c + 4*c = -5*u + v, 2*u = 4*c + 38. Is u a multiple of 2?
False
Let d(p) = 32*p + 37. Let x be d(6). Let k = x - 80. Is 14 a factor of k?
False
Let w = 117 - -83. Is w a multiple of 14?
False
Let m be ((-49)/14)/((-1)/2). Let j(f) = f**2 - 5*f + 5. Let g be j(m). Let q = g + -9. Is 5 a factor of q?
True
Let f(l) = -l**3 + 10*l**2 + 12*l + 6. Let v be f(11). Let n = v + -12. Suppose -7*w + 2*w - n = 0, -304 = -5*h + 4*w. Does 15 divide h?
True
Suppose 174 = 3*v + 4*t, -276 = -5*v - 0*t - 2*t. Let h = -10 + v. Is h a multiple of 16?
False
Suppose -5*y = 5*a - 20, -2*y - 3 = 5*a - 2. Let o be 58/y + (-4)/14. Let i(r) = r**2 - 2*r - 1. Is i(o) a multiple of 23?
False
Let v(b) = b**3 + 8*b**2. Let l be v(-6). Let t(d) = d**3 - 6*d**2 + 14. Let r be t(0). Suppose -11*f = -r*f + l. Is f a multiple of 12?
True
Suppose -y = 3*s + 485, 113 + 222 = -2*s - 3*y. Let r = s - -232. Is r a multiple of 6?
True
Suppose 13 = -0*v + v. Let r = -10 + v. Suppose -2*d = -3*h + r, 5*h - 8 + 1 = 3*d. Is d a multiple of 6?
True
Let d = 9 + -11. Is 18 a factor of (d + -319)/(-3) + (-1)/(-1)?
True
Suppose -3*k + 2*u + 21 = 0, 67*u - 8 = -4*k + 63*u. Is k a multiple of 5?
True
Suppose 2*z - 7 - 26 = 5*y, -5*z + 2*y = -30. Suppose -z*o + r = 6*r - 228, 5*o - 3*r = 248. Does 9 divide o?
False
Let v be ((-1700)/(-15))/(3/9). Let f = v + -109. Does 16 divide f?
False
Suppose -2*b = -3*v + 1628, -3*v - 5*b + 452 = -1169. Does 26 divide v?
False
Let d(h) be the third derivative of h**6/120 + h**5/6 + 7*h**4/24 - h**3/6 - h**2. Let c(r) = -r**3 - 8*r**2 - 17*r - 39. Let n be c(-6). Does 3 divide d(n)?
False
Is 174736/128 - 4/32 a multiple of 13?
True
Let h be (-3 - (-11 + 0)) + 0. Let d be 702/5 - (-8)/(-20). Suppose h - d = -4*y. Is y a multiple of 11?
True
Is 15 a factor of ((-471)/(-6))/((4/72)/1)?
False
Let o be (-1)/2 + 33/22. Let m be o/(-4) + (-27)/(-12). Is 13 a factor of ((-4)/10)/(m/(-290))?
False
Suppose 5*v + 61 = 76. Is 5 a factor of (190 - 0)/((4 - v)*2)?
True
Let l be 15/(10/2) + 4. Let k(w) = w**3 - 6*w**2 - 4*w - 9. Is k(l) a multiple of 6?
True
Is 30 a factor of ((-32)/(-6))/(-2)*(-6390)/120?
False
Suppose 5*d + 3*f - 168 = 0, 4 = 2*f - 3*f. Suppose d = -3*l + 4*l. Does 9 divide l?
True
Let m = 14 - 9. Suppose -h + i = -i - 185, 3*h = -m*i + 610. Suppose 0 = -5*q - 3*d + d + h, -4*q - d + 159 = 0. Is q a multiple of 11?
False
Let y = -1611 + 3072. Is y a multiple of 9?
False
Let u(k) = -7*k**2 + 20*k - 7. Let z be u(7). Is 3 a factor of z/(-4) + 2/(-4)?
False
Let f be (-5 + 3 + 5)*55. Suppose -3*k + 3*u - 8*u + 177 = 0, 3*k = -u + f. Is k a multiple of 30?
False
Let w(i) = 16*i**2 + 6*i + 4. Is w(-5) a multiple of 31?
False
Suppose 0 = 57*i + 13610 - 83150. Is i a multiple of 29?
False
Suppose 317 - 3269 = -8*z. Is z a multiple of 41?
True
Let y(p) = 24*p**2 - 14*p + 85. Does 70 divide y(6)?
False
Let s(q) = -3*q - 3. Suppose 3*x + 5 + 10 = 0. Let l be s(x). Is 27/6*l/3 a multiple of 13?
False
Suppose 6 = 3*i - 0*i. Suppose 3*k + 23 = 2*p, -k = -5*p - 27 + 91. Suppose 0 = 6*a - 3*a + 6, -r + p = -i*a. Is 4 a factor of r?
False
Let l(d) = 226*d**2 - 75*d - 315. Is l(-4) a multiple of 13?
True
Let f(w) be the first derivative of 5*w**3/3 + w**2/2 - 5*w + 10. Let m be f(-3). Suppose -m = -x + 45. Is x a multiple of 24?
False
Let x = 1502 + 1677. Is 31 a factor of x?
False
Let z(o) = o - 11. Let x be z(13). Suppose -x*p + 5*w = -7*p + 385, 4*w = 0. Is p a multiple of 19?
False
Let n(i) = 29*i - 4. Let p be n(1). Does 11 divide (-312)/(-60)*1*p?
False
Suppose 5*g - 4 - 11 = 0. Suppose 3*k = 2*c - k - 16, -g*c - k + 3 = 0. Suppose -c*v + 2 = -94. Is 24 a factor of v?
True
Suppose 9*w = -2 + 200. Suppose 0 = j - w - 38. Is 4 a factor of ((-12)/5)/((-9)/j)?
True
Let x(p) = -54*p + 135. Is 28 a factor of x(-18)?
False
Let r(h) = 59*h**3 - h**2 + h - 1. Let g(y) = y - 9. Let j be g(10). Is 38 a factor of r(j)?
False
Suppose 2*i = 3*v - 2614, 1043 = v + 4*i + 153. Does 46 divide v?
True
Does 29 divide 5574/16 - 132/352?
True
Suppose 0 = -3*u + 2*n + n + 24, 2*u + n = 4. Is 14 a factor of 308*(-1 - 27/(-24))*u?
True
Suppose 77*s - 2484 = 50*s. Is s a multiple of 22?
False
Let x = 631 - 605. Suppose u + 9 = 3*l, l + 4*u - 3 = 2*u. Suppose -10 = -l*y + x. Is y a multiple of 6?
True
Suppose -3*x - 22 = -5*a + 3, 3*x + 17 = a. Suppose 0 = -6*k + a*k + 348. Does 13 divide k?
False
Let q = -538 - -834. Is 4 a factor of q?
True
Let j(h) = -h**2 - 3*h - 60*h**3 + 61*h**3 + 0*h**2 - 5. Is j(4) a multiple of 31?
True
Let s(r) = 2*r - 1. Let k be s(0). Let p be 28/(-4)*k + -3. Does 2 divide (p/2)/((-6)/(-9))?
False
Let n(t) = -10*t - 12. Let z be -3 - (45/(-3))/3. Let u(a) = 3*a + 4. Let p(j) = z*n(j) + 7*u(j). Is 3 a factor of p(3)?
False
Let p(s) = 2*s**2 - 3*s - 9. Let i be p(5). Let a = -24 + i. Suppose -l - a*l = -45. Does 5 divide l?
True
Let l be -177 + (-5 - (0 - 2)). Let a be l/(-22) + (-6)/33. Is a/4*11 + -1 a multiple of 7?
True
Suppose 5*b - 691 = 13999. Does 113 divide b?
True
Let o(l) = -71*l + 19. Is o(-16) a multiple of 64?
False
Suppose 3*o = -12*t + 17*t - 7155, 3*o = -t + 1413. Is 84 a factor of t?
True
Suppose -3*f - 2*l + 1174 = 0, -2*f + 444 = -3*l - 330. Is f a multiple of 39?
True
Let h = -417 - -720. Suppose 2*s = h - 63. Is s a multiple of 24?
True
Let l = -37 + 41. Suppose l*z = 2*o + 4, 2*z = -0*z - o + 2. Suppose -5*p - 15 = -3*a, -5*p = -14 - z. Is a a multiple of 10?
True
Let t(i) = i**2 + 2*i. Suppose -9 - 29 = 2*w. Let l = -24 - w. Is t(l) a multiple of 4?
False
Let j = 57 - 41. Let p = 20 - j. Is 2 a factor of p?
True
Let y(l) = -l**3 - 2*l**2 + 4*l + 3. Let t be y(-3). Suppose t = -2*z - 3*z + 110. Is z a multiple of 11?
True
Let q(j) = -j - 9. Let v be q(-10). Is v/((3/179)/3) a multiple of 14?
False
Let s(c) = -c - 3. Let h = -22 - -15. Let n be s(h). Suppose -36 = -n*x + x. Is 4 a factor of x?
True
Let g = -71 + 74. Is 2 a factor of (3/7 - 3)/(g/(-14))?
True
Let i(b) = -23*b - 3. Let w = 2 - 0. Suppose w = 3*x + 8. Does 12 divide i(x)?
False
Let x(o) = 7*o**3 - 6*o**2 + 1. Let n(d) = -6*d**3 + 6*d**2 + d - 2. Let b(a) = 6*n(a) + 5*x(a). Suppose 0 = 2*m + 2, 3*m - 2*m - 5 = -c. Does 19 divide b(c)?
False
Let z be ((-252)/35)/(24/(-10) + 2). Suppose -5*l + 6*l - 2 = 0. Suppose l*g + 8 = z. Does 2 divide g?
False
Let g(w) = w**3 + 14*w**2 - 10*w - 16. Is 21 a factor of g(-9)?
False
Suppose 5*n + t = -322, n - 44 + 118 = 3*t. Let z be (-3210)/25 - (-4)/10. Let y = n - z. Is 30 a factor of y?
False
Suppose 5*h - 790 = -5*r, -r + 5*r + 2*h = 626. Does 5 divide r?
True
Let j(i) = 2*i**3 - 39*i**2 - 2*i + 35. Let v(g) = g**3 - 20*g**2 - g + 18. Let x(z) = 6*j(z) - 13*v(z). Is x(26) a multiple of 2?
True
Let z = 1077 - 762. Does 30 divide z?
False
Let k be (-3)/(-6)*20 - 0. Suppose 5*a + 4*x = -2, k = 5*a - 4*x - 12. Suppose 3*m - 70 = -a*m. Is 14 a factor of m?
True
Suppose 53*u = 66370 + 5286. Is u a multiple of 85?
False
Let j(u) = -2*u**2 + 6*u + 2. Let z be j(5). Is -23 - z - 70/(-2) a multiple of 27?
False
Suppose -2*c = -4*c + 6, -l = -5*c - 207. Let s(b) = -b**3 + 3*b**2 + 4. Let n be s(4). Is (l/n)/((-1)/2) a multiple of 8?
False
Let u be (-2)/1*1 - -9. Is 3 a factor of 2032/56 + (-1)/u*2?
True
Suppose -3*k + 15 = -8*k. Let v be -13 + (-4 - 0 - k). Let p(d) = d**3 + 13*d**2 - 17*d + 9. Is 8 a factor of p(v)?
False
Let g(y) = -y**3 + y + 2. Let z be g(-3). Let s be ((-55)/10)/(2/4). Let k = z + s. Is k a multiple of 5?
True
Suppose 61 = r - 15. Let k = 11 + r. Does 26 divide k?
False
Let l be 65*2/18 - 2/9. Let a(b) = -b**3 + 10*b**2 - 6*b. Let w(k) = 2*k**3 - 21*k**2 + 12*k - 1. Let x(z) = 5*a(z) + 2*w(z). Does 2 divide x(l)?
False
Suppose -b - 2 + 1 = 0. Let y be ((-4)/7)/(b/7). Suppose y*j = -5*p + 85, -6*p + 109 = -2*p - 5*j. Does 11 divide p?
False
Let s(l) = -l**3 - l**2 - l + 19. Suppose -7 = 5*c - 37. Suppose 2*f + j = -3, -2*f + j + j + c = 0. Does 6 divid